when 51048 is divided by 187.
184
Calculate the remainder when 169967 is divided by 133.
126
Calculate the remainder when 41792 is divided by 118.
20
Calculate the remainder when 24446 is divided by 23.
20
Calculate the remainder when 1093 is divided by 266.
29
What is the remainder when 12727 is divided by 1803?
106
What is the remainder when 74556 is divided by 441?
27
Calculate the remainder when 31898 is divided by 240.
218
What is the remainder when 6822 is divided by 455?
452
What is the remainder when 1614 is divided by 140?
74
What is the remainder when 445 is divided by 52?
29
What is the remainder when 16676 is divided by 223?
174
What is the remainder when 4954 is divided by 60?
34
What is the remainder when 227463 is divided by 146?
141
What is the remainder when 29685 is divided by 619?
592
What is the remainder when 964 is divided by 803?
161
What is the remainder when 113591 is divided by 185?
1
Calculate the remainder when 20642 is divided by 388.
78
What is the remainder when 191876 is divided by 63952?
20
What is the remainder when 2596875 is divided by 55?
50
What is the remainder when 12692 is divided by 608?
532
What is the remainder when 3762 is divided by 1214?
120
Calculate the remainder when 27375 is divided by 139.
131
What is the remainder when 7942 is divided by 1133?
11
What is the remainder when 2249609 is divided by 13?
11
Calculate the remainder when 93680 is divided by 183.
167
What is the remainder when 3403 is divided by 3384?
19
Calculate the remainder when 247311 is divided by 18.
9
Calculate the remainder when 1943830 is divided by 323970.
10
What is the remainder when 1650 is divided by 768?
114
Calculate the remainder when 1763 is divided by 845.
73
Calculate the remainder when 9690 is divided by 111.
33
Calculate the remainder when 9095 is divided by 52.
47
Calculate the remainder when 9667 is divided by 164.
155
Calculate the remainder when 871 is divided by 341.
189
Calculate the remainder when 6474 is divided by 272.
218
What is the remainder when 1558 is divided by 224?
214
Calculate the remainder when 2434 is divided by 834.
766
Calculate the remainder when 89898 is divided by 79.
75
What is the remainder when 187999 is divided by 1033?
1026
What is the remainder when 406543 is divided by 7?
4
What is the remainder when 9023 is divided by 5?
3
What is the remainder when 355 is divided by 42?
19
Calculate the remainder when 30371 is divided by 27.
23
Calculate the remainder when 55050 is divided by 77.
72
What is the remainder when 807 is divided by 141?
102
What is the remainder when 5801 is divided by 2899?
3
What is the remainder when 19728 is divided by 33?
27
What is the remainder when 605227 is divided by 452?
451
Calculate the remainder when 5907614 is divided by 1291.
1289
What is the remainder when 826821 is divided by 4645?
11
What is the remainder when 30302 is divided by 5048?
14
Calculate the remainder when 134613 is divided by 44840.
93
Calculate the remainder when 110877 is divided by 154.
151
Calculate the remainder when 1670 is divided by 527.
89
What is the remainder when 231175 is divided by 22?
21
What is the remainder when 36755 is divided by 3674?
15
What is the remainder when 1026 is divided by 225?
126
Calculate the remainder when 6826 is divided by 62.
6
What is the remainder when 227365 is divided by 10?
5
Calculate the remainder when 14119 is divided by 1562.
61
Calculate the remainder when 4722750 is divided by 357.
354
Calculate the remainder when 14032 is divided by 740.
712
What is the remainder when 913 is divided by 342?
229
What is the remainder when 29991 is divided by 1578?
9
What is the remainder when 127951 is divided by 63?
61
What is the remainder when 616 is divided by 572?
44
Calculate the remainder when 4421 is divided by 245.
11
Calculate the remainder when 142346 is divided by 11.
6
Calculate the remainder when 14615 is divided by 1212.
71
Calculate the remainder when 59293 is divided by 4.
1
What is the remainder when 33534 is divided by 131?
129
What is the remainder when 1924 is divided by 1078?
846
What is the remainder when 14232 is divided by 8?
0
Calculate the remainder when 406766 is divided by 54.
38
What is the remainder when 8646 is divided by 8642?
4
What is the remainder when 533156 is divided by 46?
16
Calculate the remainder when 3319890 is divided by 316.
310
What is the remainder when 1967 is divided by 70?
7
What is the remainder when 41266 is divided by 149?
142
What is the remainder when 1111679 is divided by 576?
575
What is the remainder when 20634 is divided by 355?
44
What is the remainder when 116 is divided by 8?
4
Calculate the remainder when 177412 is divided by 7392.
4
Calculate the remainder when 22732 is divided by 7374.
610
What is the remainder when 64045 is divided by 712?
677
Calculate the remainder when 1901629 is divided by 1219.
1208
Calculate the remainder when 16030 is divided by 5329.
43
Calculate the remainder when 27298 is divided by 38.
14
Calculate the remainder when 88303 is divided by 82.
71
Calculate the remainder when 30410 is divided by 74.
70
Calculate the remainder when 6155 is divided by 2050.
5
Calculate the remainder when 608426 is divided by 15.
11
Calculate the remainder when 1974 is divided by 272.
70
Calculate the remainder when 66270 is divided by 477.
444
What is the remainder when 14890 is divided by 15?
10
What is the remainder when 311 is divided by 13?
12
What is the remainder when 130825 is divided by 3?
1
Calculate the remainder when 78998 is divided by 297.
293
Calculate the remainder when 18904 is divided by 91.
67
What is the remainder when 29914 is divided by 168?
10
What is the remainder when 207 is divided by 46?
23
Calculate the remainder when 42942 is divided by 8583.
27
What is the remainder when 285844 is divided by 142?
140
What is the remainder when 13602 is divided by 18?
12
What is the remainder when 6599 is divided by 511?
467
Calculate the remainder when 13598 is divided by 905.
23
What is the remainder when 94202 is divided by 1096?
1042
What is the remainder when 41643 is divided by 56?
35
Calculate the remainder when 57625 is divided by 143.
139
What is the remainder when 1985 is divided by 1929?
56
What is the remainder when 29976 is divided by 9986?
18
What is the remainder when 3195 is divided by 397?
19
What is the remainder when 27481 is divided by 3423?
97
Calculate the remainder when 14451 is divided by 3596.
67
Calculate the remainder when 23467 is divided by 56.
3
What is the remainder when 2438 is divided by 793?
59
What is the remainder when 4864 is divided by 1020?
784
What is the remainder when 381650 is divided by 76328?
10
What is the remainder when 266017 is divided by 23?
22
Calculate the remainder when 213132 is divided by 174.
156
What is the remainder when 1399 is divided by 449?
52
Calculate the remainder when 71017 is divided by 6.
1
What is the remainder when 1217 is divided by 593?
31
Calculate the remainder when 6458 is divided by 56.
18
What is the remainder when 173747 is divided by 93?
23
What is the remainder when 22622 is divided by 155?
147
Calculate the remainder when 15913 is divided by 16.
9
Calculate the remainder when 237 is divided by 31.
20
Calculate the remainder when 56454 is divided by 9407.
12
What is the remainder when 361547 is divided by 484?
483
What is the remainder when 38511 is divided by 393?
390
Calculate the remainder when 26426 is divided by 2936.
2
What is the remainder when 18118 is divided by 6036?
10
Calculate the remainder when 78411 is divided by 8711.
12
Calculate the remainder when 20710 is divided by 100.
10
What is the remainder when 165666 is divided by 531?
525
What is the remainder when 2649 is divided by 461?
344
What is the remainder when 555582 is divided by 396?
390
What is the remainder when 79239 is divided by 94?
91
What is the remainder when 12575 is divided by 213?
8
What is the remainder when 42091 is divided by 100?
91
What is the remainder when 667 is divided by 327?
13
Calculate the remainder when 145220 is divided by 23.
21
Calculate the remainder when 85119 is divided by 38.
37
Calculate the remainder when 25469 is divided by 130.
119
Calculate the remainder when 7369 is divided by 246.